{"id":5270,"date":"2024-07-09T19:31:57","date_gmt":"2024-07-09T17:31:57","guid":{"rendered":"https:\/\/villateresita.org\/?page_id=5270"},"modified":"2024-07-19T16:49:28","modified_gmt":"2024-07-19T14:49:28","slug":"comunidad-de-amor","status":"publish","type":"page","link":"https:\/\/villateresita.org\/?page_id=5270","title":{"rendered":""},"content":{"rendered":"\n<div class=\"wp-block-columns alignfull are-vertically-aligned-center has-background has-small-font-size is-layout-flex wp-container-core-columns-is-layout-8f761849 wp-block-columns-is-layout-flex\" style=\"background:linear-gradient(90deg,rgb(255,255,255) 14%,rgb(214,238,157) 92%,rgb(207,247,154) 100%)\">\n<div class=\"wp-block-column is-vertically-aligned-center has-large-font-size is-layout-flow wp-block-column-is-layout-flow\">\n<div class=\"wp-block-group alignwide\"><div class=\"wp-block-group__inner-container is-layout-constrained wp-block-group-is-layout-constrained\">\n<p class=\"has-text-align-justify has-josefin-sans-font-family wp-block-paragraph\" style=\"font-size:24px\"><span style=\"text-decoration: underline;\"><strong>COMUNIDAD DE AMOR<\/strong><\/span><\/p>\n\n\n\n<div class=\"wp-block-group alignfull has-large-font-size\"><div class=\"wp-block-group__inner-container is-layout-constrained wp-block-group-is-layout-constrained\">\n<p class=\"has-text-align-justify has-josefin-sans-font-family wp-block-paragraph\" style=\"font-size:16px\"><strong>Del coraz\u00f3n de Jes\u00fas Buen Pastor, nace nuestra comunidad.<\/strong><\/p>\n\n\n\n<p class=\"has-text-align-justify has-josefin-sans-font-family wp-block-paragraph\" style=\"font-size:16px\"><strong>La comunidad, es esencial en nuestra vida. En ella vivimos la fraternidad, celebramos cada peque\u00f1o regalo que \u00c9l nos hace y nos sostenemos las unas a las otras en el amor a Jes\u00fas, y en la fe.<\/strong><\/p>\n\n\n\n<p class=\"has-text-align-justify has-josefin-sans-font-family wp-block-paragraph\" style=\"font-size:16px\"><strong>En nuestras casas, la comunidad se hace familia y se convierte en un lugar de acogida con sabor a hogar, en el que acompa\u00f1amos los procesos de resurrecci\u00f3n de las mujeres y sus hijos\/as, que llegan de situaciones de extrema vulnerabilidad y sufrimiento.<\/strong><\/p>\n<\/div><\/div>\n<\/div><\/div>\n<\/div>\n\n\n\n<div class=\"wp-block-column is-vertically-aligned-center is-layout-flow wp-block-column-is-layout-flow\">\n<figure class=\"wp-block-video alignfull wp-block-embed is-type-video is-provider-videopress\"><div class=\"wp-block-embed__wrapper\" style=\"max-width:601px;margin:auto\">\n<iframe title=\"VideoPress Video Player\" aria-label='VideoPress Video Player' width='640' height='360' src='https:\/\/videopress.com\/embed\/9xIPzNnR?cover=1&amp;autoPlay=1&amp;loop=1&amp;preloadContent=metadata&amp;useAverageColor=1&amp;hd=0' frameborder='0' allowfullscreen data-resize-to-parent=\"true\" allow='clipboard-write'><\/iframe><script src='https:\/\/v0.wordpress.com\/js\/next\/videopress-iframe.js?m=1674852142'><\/script>\n<\/div><\/figure>\n<\/div>\n<\/div>\n\n\n\n<hr class=\"wp-block-separator has-alpha-channel-opacity\"\/>\n\n\n\n<div style=\"height:37px\" aria-hidden=\"true\" class=\"wp-block-spacer\"><\/div>\n\n\n\n<div class=\"wp-block-buttons alignwide has-custom-font-size has-small-font-size is-content-justification-center is-layout-flex wp-container-core-buttons-is-layout-fe48e5de wp-block-buttons-is-layout-flex\">\n<div class=\"wp-block-button has-custom-font-size is-style-outline has-josefin-sans-font-family is-style-outline--1\" style=\"font-size:14px\"><a class=\"wp-block-button__link has-black-color has-text-color has-link-color wp-element-button\" href=\"https:\/\/villateresita.org\/\" style=\"border-radius:50px\"><strong>INICIO<\/strong><\/a><\/div>\n<\/div>\n\n\n\n<div style=\"height:68px\" aria-hidden=\"true\" class=\"wp-block-spacer\"><\/div>\n","protected":false},"excerpt":{"rendered":"<p>COMUNIDAD DE AMOR Del coraz\u00f3n de Jes\u00fas Buen Pastor, nace nuestra comunidad. La comunidad, es esencial en nuestra vida. En ella vivimos la fraternidad, celebramos cada peque\u00f1o regalo que \u00c9l nos hace y nos sostenemos las unas a&#8230; <a class=\"read-more\" href=\"https:\/\/villateresita.org\/?page_id=5270\">Leer M\u00e1s<\/a><\/p>\n","protected":false},"author":155300838,"featured_media":5277,"parent":0,"menu_order":0,"comment_status":"closed","ping_status":"closed","template":"","meta":{"_coblocks_attr":"","_coblocks_dimensions":"","_coblocks_responsive_height":"","_coblocks_accordion_ie_support":"","_crdt_document":"","jetpack_post_was_ever_published":false,"footnotes":""},"class_list":["post-5270","page","type-page","status-publish","has-post-thumbnail","hentry"],"yoast_head":"<!-- This site is optimized with the Yoast SEO Premium plugin v26.3 (Yoast SEO v27.1.1) - https:\/\/yoast.com\/product\/yoast-seo-premium-wordpress\/ -->\n<title>- Villa Teresita<\/title>\n<meta name=\"robots\" content=\"index, follow, max-snippet:-1, max-image-preview:large, max-video-preview:-1\" \/>\n<link rel=\"canonical\" href=\"https:\/\/villateresita.org\/?page_id=5270\" \/>\n<meta property=\"og:locale\" content=\"es_ES\" \/>\n<meta property=\"og:type\" content=\"article\" \/>\n<meta property=\"og:description\" content=\"COMUNIDAD DE AMOR Del coraz\u00f3n de Jes\u00fas Buen Pastor, nace nuestra comunidad. La comunidad, es esencial en nuestra vida. En ella vivimos la fraternidad, celebramos cada peque\u00f1o regalo que \u00c9l nos hace y nos sostenemos las unas a... Leer M\u00e1s\" \/>\n<meta property=\"og:url\" content=\"https:\/\/villateresita.org\/?page_id=5270\" \/>\n<meta property=\"og:site_name\" content=\"Villa Teresita\" \/>\n<meta property=\"article:publisher\" content=\"https:\/\/www.facebook.com\/villa.teresita.35\" \/>\n<meta property=\"article:modified_time\" content=\"2024-07-19T14:49:28+00:00\" \/>\n<meta property=\"og:image\" content=\"https:\/\/villateresita.org\/wp-content\/uploads\/2024\/07\/DSC05638-1024x683.jpg\" \/>\n\t<meta property=\"og:image:width\" content=\"1024\" \/>\n\t<meta property=\"og:image:height\" content=\"683\" \/>\n\t<meta property=\"og:image:type\" content=\"image\/jpeg\" \/>\n<meta name=\"twitter:card\" content=\"summary_large_image\" \/>\n<meta name=\"twitter:label1\" content=\"Tiempo de lectura\" \/>\n\t<meta name=\"twitter:data1\" content=\"1 minuto\" \/>\n<script type=\"application\/ld+json\" class=\"yoast-schema-graph\">{\"@context\":\"https:\/\/schema.org\",\"@graph\":[{\"@type\":\"WebPage\",\"@id\":\"https:\/\/villateresita.org\/?page_id=5270\",\"url\":\"https:\/\/villateresita.org\/?page_id=5270\",\"name\":\"- Villa Teresita\",\"isPartOf\":{\"@id\":\"https:\/\/villateresita.org\/#website\"},\"primaryImageOfPage\":{\"@id\":\"https:\/\/villateresita.org\/?page_id=5270#primaryimage\"},\"image\":{\"@id\":\"https:\/\/villateresita.org\/?page_id=5270#primaryimage\"},\"thumbnailUrl\":\"https:\/\/i0.wp.com\/villateresita.org\/wp-content\/uploads\/2024\/07\/DSC05638.jpg?fit=6000%2C4000&ssl=1\",\"datePublished\":\"2024-07-09T17:31:57+00:00\",\"dateModified\":\"2024-07-19T14:49:28+00:00\",\"inLanguage\":\"es\",\"potentialAction\":[{\"@type\":\"ReadAction\",\"target\":[\"https:\/\/villateresita.org\/?page_id=5270\"]}]},{\"@type\":\"ImageObject\",\"inLanguage\":\"es\",\"@id\":\"https:\/\/villateresita.org\/?page_id=5270#primaryimage\",\"url\":\"https:\/\/i0.wp.com\/villateresita.org\/wp-content\/uploads\/2024\/07\/DSC05638.jpg?fit=6000%2C4000&ssl=1\",\"contentUrl\":\"https:\/\/i0.wp.com\/villateresita.org\/wp-content\/uploads\/2024\/07\/DSC05638.jpg?fit=6000%2C4000&ssl=1\",\"width\":6000,\"height\":4000},{\"@type\":\"WebSite\",\"@id\":\"https:\/\/villateresita.org\/#website\",\"url\":\"https:\/\/villateresita.org\/\",\"name\":\"Villa Teresita\",\"description\":\"Auxiliares del Buen Pastor\",\"publisher\":{\"@id\":\"https:\/\/villateresita.org\/#organization\"},\"potentialAction\":[{\"@type\":\"SearchAction\",\"target\":{\"@type\":\"EntryPoint\",\"urlTemplate\":\"https:\/\/villateresita.org\/?s={search_term_string}\"},\"query-input\":{\"@type\":\"PropertyValueSpecification\",\"valueRequired\":true,\"valueName\":\"search_term_string\"}}],\"inLanguage\":\"es\"},{\"@type\":[\"Organization\",\"Place\"],\"@id\":\"https:\/\/villateresita.org\/#organization\",\"name\":\"Villa Teresita - Auxiliares del Buen Pastor\",\"url\":\"https:\/\/villateresita.org\/\",\"logo\":{\"@id\":\"https:\/\/villateresita.org\/?page_id=5270#local-main-organization-logo\"},\"image\":{\"@id\":\"https:\/\/villateresita.org\/?page_id=5270#local-main-organization-logo\"},\"sameAs\":[\"https:\/\/www.facebook.com\/villa.teresita.35\",\"https:\/\/www.instagram.com\/villateresitac\/\",\"https:\/\/www.youtube.com\/channel\/UCJGqsco1c-SysxPvoKp1f-A\"],\"publishingPrinciples\":\"https:\/\/villateresita.org\/\",\"telephone\":[],\"openingHoursSpecification\":[{\"@type\":\"OpeningHoursSpecification\",\"dayOfWeek\":[\"Monday\",\"Tuesday\",\"Wednesday\",\"Thursday\",\"Friday\",\"Saturday\",\"Sunday\"],\"opens\":\"09:00\",\"closes\":\"17:00\"}]},{\"@type\":\"ImageObject\",\"inLanguage\":\"es\",\"@id\":\"https:\/\/villateresita.org\/?page_id=5270#local-main-organization-logo\",\"url\":\"https:\/\/i0.wp.com\/villateresita.org\/wp-content\/uploads\/2019\/07\/Logo-negro.png?fit=512%2C512&ssl=1\",\"contentUrl\":\"https:\/\/i0.wp.com\/villateresita.org\/wp-content\/uploads\/2019\/07\/Logo-negro.png?fit=512%2C512&ssl=1\",\"width\":512,\"height\":512,\"caption\":\"Villa Teresita - Auxiliares del Buen Pastor\"}]}<\/script>\n<!-- \/ Yoast SEO Premium plugin. -->","yoast_head_json":{"title":"- Villa Teresita","robots":{"index":"index","follow":"follow","max-snippet":"max-snippet:-1","max-image-preview":"max-image-preview:large","max-video-preview":"max-video-preview:-1"},"canonical":"https:\/\/villateresita.org\/?page_id=5270","og_locale":"es_ES","og_type":"article","og_description":"COMUNIDAD DE AMOR Del coraz\u00f3n de Jes\u00fas Buen Pastor, nace nuestra comunidad. La comunidad, es esencial en nuestra vida. En ella vivimos la fraternidad, celebramos cada peque\u00f1o regalo que \u00c9l nos hace y nos sostenemos las unas a... Leer M\u00e1s","og_url":"https:\/\/villateresita.org\/?page_id=5270","og_site_name":"Villa Teresita","article_publisher":"https:\/\/www.facebook.com\/villa.teresita.35","article_modified_time":"2024-07-19T14:49:28+00:00","og_image":[{"width":1024,"height":683,"url":"https:\/\/villateresita.org\/wp-content\/uploads\/2024\/07\/DSC05638-1024x683.jpg","type":"image\/jpeg"}],"twitter_card":"summary_large_image","twitter_misc":{"Tiempo de lectura":"1 minuto"},"schema":{"@context":"https:\/\/schema.org","@graph":[{"@type":"WebPage","@id":"https:\/\/villateresita.org\/?page_id=5270","url":"https:\/\/villateresita.org\/?page_id=5270","name":"- Villa Teresita","isPartOf":{"@id":"https:\/\/villateresita.org\/#website"},"primaryImageOfPage":{"@id":"https:\/\/villateresita.org\/?page_id=5270#primaryimage"},"image":{"@id":"https:\/\/villateresita.org\/?page_id=5270#primaryimage"},"thumbnailUrl":"https:\/\/i0.wp.com\/villateresita.org\/wp-content\/uploads\/2024\/07\/DSC05638.jpg?fit=6000%2C4000&ssl=1","datePublished":"2024-07-09T17:31:57+00:00","dateModified":"2024-07-19T14:49:28+00:00","inLanguage":"es","potentialAction":[{"@type":"ReadAction","target":["https:\/\/villateresita.org\/?page_id=5270"]}]},{"@type":"ImageObject","inLanguage":"es","@id":"https:\/\/villateresita.org\/?page_id=5270#primaryimage","url":"https:\/\/i0.wp.com\/villateresita.org\/wp-content\/uploads\/2024\/07\/DSC05638.jpg?fit=6000%2C4000&ssl=1","contentUrl":"https:\/\/i0.wp.com\/villateresita.org\/wp-content\/uploads\/2024\/07\/DSC05638.jpg?fit=6000%2C4000&ssl=1","width":6000,"height":4000},{"@type":"WebSite","@id":"https:\/\/villateresita.org\/#website","url":"https:\/\/villateresita.org\/","name":"Villa Teresita","description":"Auxiliares del Buen Pastor","publisher":{"@id":"https:\/\/villateresita.org\/#organization"},"potentialAction":[{"@type":"SearchAction","target":{"@type":"EntryPoint","urlTemplate":"https:\/\/villateresita.org\/?s={search_term_string}"},"query-input":{"@type":"PropertyValueSpecification","valueRequired":true,"valueName":"search_term_string"}}],"inLanguage":"es"},{"@type":["Organization","Place"],"@id":"https:\/\/villateresita.org\/#organization","name":"Villa Teresita - Auxiliares del Buen Pastor","url":"https:\/\/villateresita.org\/","logo":{"@id":"https:\/\/villateresita.org\/?page_id=5270#local-main-organization-logo"},"image":{"@id":"https:\/\/villateresita.org\/?page_id=5270#local-main-organization-logo"},"sameAs":["https:\/\/www.facebook.com\/villa.teresita.35","https:\/\/www.instagram.com\/villateresitac\/","https:\/\/www.youtube.com\/channel\/UCJGqsco1c-SysxPvoKp1f-A"],"publishingPrinciples":"https:\/\/villateresita.org\/","telephone":[],"openingHoursSpecification":[{"@type":"OpeningHoursSpecification","dayOfWeek":["Monday","Tuesday","Wednesday","Thursday","Friday","Saturday","Sunday"],"opens":"09:00","closes":"17:00"}]},{"@type":"ImageObject","inLanguage":"es","@id":"https:\/\/villateresita.org\/?page_id=5270#local-main-organization-logo","url":"https:\/\/i0.wp.com\/villateresita.org\/wp-content\/uploads\/2019\/07\/Logo-negro.png?fit=512%2C512&ssl=1","contentUrl":"https:\/\/i0.wp.com\/villateresita.org\/wp-content\/uploads\/2019\/07\/Logo-negro.png?fit=512%2C512&ssl=1","width":512,"height":512,"caption":"Villa Teresita - Auxiliares del Buen Pastor"}]}},"jetpack_likes_enabled":true,"jetpack_sharing_enabled":true,"jetpack_shortlink":"https:\/\/wp.me\/PaRdSy-1n0","jetpack-related-posts":[],"amp_enabled":true,"_links":{"self":[{"href":"https:\/\/villateresita.org\/index.php?rest_route=\/wp\/v2\/pages\/5270","targetHints":{"allow":["GET"]}}],"collection":[{"href":"https:\/\/villateresita.org\/index.php?rest_route=\/wp\/v2\/pages"}],"about":[{"href":"https:\/\/villateresita.org\/index.php?rest_route=\/wp\/v2\/types\/page"}],"author":[{"embeddable":true,"href":"https:\/\/villateresita.org\/index.php?rest_route=\/wp\/v2\/users\/155300838"}],"replies":[{"embeddable":true,"href":"https:\/\/villateresita.org\/index.php?rest_route=%2Fwp%2Fv2%2Fcomments&post=5270"}],"version-history":[{"count":27,"href":"https:\/\/villateresita.org\/index.php?rest_route=\/wp\/v2\/pages\/5270\/revisions"}],"predecessor-version":[{"id":5573,"href":"https:\/\/villateresita.org\/index.php?rest_route=\/wp\/v2\/pages\/5270\/revisions\/5573"}],"wp:featuredmedia":[{"embeddable":true,"href":"https:\/\/villateresita.org\/index.php?rest_route=\/wp\/v2\/media\/5277"}],"wp:attachment":[{"href":"https:\/\/villateresita.org\/index.php?rest_route=%2Fwp%2Fv2%2Fmedia&parent=5270"}],"curies":[{"name":"wp","href":"https:\/\/api.w.org\/{rel}","templated":true}]}}

<div class="wp-block-columns alignfull are-vertically-aligned-center has-background has-small-font-size is-layout-flex wp-container-core-columns-is-layout-8f761849 wp-block-columns-is-layout-flex" style="background:linear-gradient(90deg,rgb(255,255,255) 14%,rgb(214,238,157) 92%,rgb(207,247,154) 100%)">
<div class="wp-block-column is-vertically-aligned-center has-large-font-size is-layout-flow wp-block-column-is-layout-flow">
<div class="wp-block-group alignwide"><div class="wp-block-group__inner-container is-layout-constrained wp-block-group-is-layout-constrained">
<p class="has-text-align-justify has-josefin-sans-font-family wp-block-paragraph" style="font-size:24px"><span style="text-decoration: underline;"><strong>COMUNIDAD DE AMOR</strong></span></p>



<div class="wp-block-group alignfull has-large-font-size"><div class="wp-block-group__inner-container is-layout-constrained wp-block-group-is-layout-constrained">
<p class="has-text-align-justify has-josefin-sans-font-family wp-block-paragraph" style="font-size:16px"><strong>Del corazón de Jesús Buen Pastor, nace nuestra comunidad.</strong></p>



<p class="has-text-align-justify has-josefin-sans-font-family wp-block-paragraph" style="font-size:16px"><strong>La comunidad, es esencial en nuestra vida. En ella vivimos la fraternidad, celebramos cada pequeño regalo que Él nos hace y nos sostenemos las unas a las otras en el amor a Jesús, y en la fe.</strong></p>



<p class="has-text-align-justify has-josefin-sans-font-family wp-block-paragraph" style="font-size:16px"><strong>En nuestras casas, la comunidad se hace familia y se convierte en un lugar de acogida con sabor a hogar, en el que acompañamos los procesos de resurrección de las mujeres y sus hijos/as, que llegan de situaciones de extrema vulnerabilidad y sufrimiento.</strong></p>
</div></div>
</div></div>
</div>



<div class="wp-block-column is-vertically-aligned-center is-layout-flow wp-block-column-is-layout-flow">
<figure class="wp-block-video alignfull wp-block-embed is-type-video is-provider-videopress"><div class="wp-block-embed__wrapper" style="max-width:601px;margin:auto">
<iframe title="VideoPress Video Player" aria-label='VideoPress Video Player' width='640' height='360' src='https://videopress.com/embed/9xIPzNnR?cover=1&amp;autoPlay=1&amp;loop=1&amp;preloadContent=metadata&amp;useAverageColor=1&amp;hd=0' frameborder='0' allowfullscreen data-resize-to-parent="true" allow='clipboard-write'></iframe><script src='https://v0.wordpress.com/js/next/videopress-iframe.js?m=1674852142'></script>
</div></figure>
</div>
</div>



<hr class="wp-block-separator has-alpha-channel-opacity"/>



<div style="height:37px" aria-hidden="true" class="wp-block-spacer"></div>



<div class="wp-block-buttons alignwide has-custom-font-size has-small-font-size is-content-justification-center is-layout-flex wp-container-core-buttons-is-layout-fe48e5de wp-block-buttons-is-layout-flex">
<div class="wp-block-button has-custom-font-size is-style-outline has-josefin-sans-font-family is-style-outline--1" style="font-size:14px"><a class="wp-block-button__link has-black-color has-text-color has-link-color wp-element-button" href="https://villateresita.org/" style="border-radius:50px"><strong>INICIO</strong></a></div>
</div>



<div style="height:68px" aria-hidden="true" class="wp-block-spacer"></div>

<p>COMUNIDAD DE AMOR Del corazón de Jesús Buen Pastor, nace nuestra comunidad. La comunidad, es esencial en nuestra vida. En ella vivimos la fraternidad, celebramos cada pequeño regalo que Él nos hace y nos sostenemos las unas a&#8230; <a class="read-more" href="https://villateresita.org/?page_id=5270">Leer Más</a></p>

<!-- This site is optimized with the Yoast SEO Premium plugin v26.3 (Yoast SEO v27.1.1) - https://yoast.com/product/yoast-seo-premium-wordpress/ -->
<title>- Villa Teresita</title>
<meta name="robots" content="index, follow, max-snippet:-1, max-image-preview:large, max-video-preview:-1" />
<link rel="canonical" href="https://villateresita.org/?page_id=5270" />
<meta property="og:locale" content="es_ES" />
<meta property="og:type" content="article" />
<meta property="og:description" content="COMUNIDAD DE AMOR Del corazón de Jesús Buen Pastor, nace nuestra comunidad. La comunidad, es esencial en nuestra vida. En ella vivimos la fraternidad, celebramos cada pequeño regalo que Él nos hace y nos sostenemos las unas a... Leer Más" />
<meta property="og:url" content="https://villateresita.org/?page_id=5270" />
<meta property="og:site_name" content="Villa Teresita" />
<meta property="article:publisher" content="https://www.facebook.com/villa.teresita.35" />
<meta property="article:modified_time" content="2024-07-19T14:49:28+00:00" />
<meta property="og:image" content="https://villateresita.org/wp-content/uploads/2024/07/DSC05638-1024x683.jpg" />
	<meta property="og:image:width" content="1024" />
	<meta property="og:image:height" content="683" />
	<meta property="og:image:type" content="image/jpeg" />
<meta name="twitter:card" content="summary_large_image" />
<meta name="twitter:label1" content="Tiempo de lectura" />
	<meta name="twitter:data1" content="1 minuto" />
<script type="application/ld+json" class="yoast-schema-graph">{"@context":"https://schema.org","@graph":[{"@type":"WebPage","@id":"https://villateresita.org/?page_id=5270","url":"https://villateresita.org/?page_id=5270","name":"- Villa Teresita","isPartOf":{"@id":"https://villateresita.org/#website"},"primaryImageOfPage":{"@id":"https://villateresita.org/?page_id=5270#primaryimage"},"image":{"@id":"https://villateresita.org/?page_id=5270#primaryimage"},"thumbnailUrl":"https://i0.wp.com/villateresita.org/wp-content/uploads/2024/07/DSC05638.jpg?fit=6000%2C4000&ssl=1","datePublished":"2024-07-09T17:31:57+00:00","dateModified":"2024-07-19T14:49:28+00:00","inLanguage":"es","potentialAction":[{"@type":"ReadAction","target":["https://villateresita.org/?page_id=5270"]}]},{"@type":"ImageObject","inLanguage":"es","@id":"https://villateresita.org/?page_id=5270#primaryimage","url":"https://i0.wp.com/villateresita.org/wp-content/uploads/2024/07/DSC05638.jpg?fit=6000%2C4000&ssl=1","contentUrl":"https://i0.wp.com/villateresita.org/wp-content/uploads/2024/07/DSC05638.jpg?fit=6000%2C4000&ssl=1","width":6000,"height":4000},{"@type":"WebSite","@id":"https://villateresita.org/#website","url":"https://villateresita.org/","name":"Villa Teresita","description":"Auxiliares del Buen Pastor","publisher":{"@id":"https://villateresita.org/#organization"},"potentialAction":[{"@type":"SearchAction","target":{"@type":"EntryPoint","urlTemplate":"https://villateresita.org/?s={search_term_string}"},"query-input":{"@type":"PropertyValueSpecification","valueRequired":true,"valueName":"search_term_string"}}],"inLanguage":"es"},{"@type":["Organization","Place"],"@id":"https://villateresita.org/#organization","name":"Villa Teresita - Auxiliares del Buen Pastor","url":"https://villateresita.org/","logo":{"@id":"https://villateresita.org/?page_id=5270#local-main-organization-logo"},"image":{"@id":"https://villateresita.org/?page_id=5270#local-main-organization-logo"},"sameAs":["https://www.facebook.com/villa.teresita.35","https://www.instagram.com/villateresitac/","https://www.youtube.com/channel/UCJGqsco1c-SysxPvoKp1f-A"],"publishingPrinciples":"https://villateresita.org/","telephone":[],"openingHoursSpecification":[{"@type":"OpeningHoursSpecification","dayOfWeek":["Monday","Tuesday","Wednesday","Thursday","Friday","Saturday","Sunday"],"opens":"09:00","closes":"17:00"}]},{"@type":"ImageObject","inLanguage":"es","@id":"https://villateresita.org/?page_id=5270#local-main-organization-logo","url":"https://i0.wp.com/villateresita.org/wp-content/uploads/2019/07/Logo-negro.png?fit=512%2C512&ssl=1","contentUrl":"https://i0.wp.com/villateresita.org/wp-content/uploads/2019/07/Logo-negro.png?fit=512%2C512&ssl=1","width":512,"height":512,"caption":"Villa Teresita - Auxiliares del Buen Pastor"}]}</script>
<!-- / Yoast SEO Premium plugin. -->

COMUNIDAD DE AMOR Del corazón de Jesús Buen Pastor, nace nuestra comunidad. La comunidad, es esencial en nuestra vida. En ella vivimos la fraternidad, celebramos cada pequeño regalo que Él nos hace y nos sostenemos las unas a... Leer Más
